{"id":7059,"date":"2023-05-17T20:04:50","date_gmt":"2023-05-17T17:04:50","guid":{"rendered":"https:\/\/ofissamobilya.com.tr\/?post_type=product&#038;p=7059"},"modified":"2023-07-20T23:34:41","modified_gmt":"2023-07-20T20:34:41","slug":"vix","status":"publish","type":"product","link":"https:\/\/ofissamobilya.com.tr\/en\/urun\/vix\/","title":{"rendered":"Vix"},"content":{"rendered":"","protected":false},"excerpt":{"rendered":"<blockquote><p><strong>Geleneksel \u00e7izgilerle modernize edilen Vix ofisinize s\u0131n\u0131f atlatacak.<br \/>\n<\/strong><\/p><\/blockquote>\n<p>Kaliteli malzemeden \u00fcretilmi\u015f olan Vix k\u00fc\u00e7\u00fck ofislerin vazge\u00e7ilmezi olacak. \u00c7oklu renk se\u00e7enekleriyle ofisinize en uygun rengi se\u00e7ebilir \u00e7e\u015fitli konfig\u00fcrasyonlarla \u00e7al\u0131\u015fma alan\u0131n\u0131z\u0131 zenginle\u015ftirebilirsiniz.<\/p>\n","protected":false},"featured_media":7064,"template":"","meta":[],"product_cat":[35],"product_tag":[63],"class_list":["post-7059","product","type-product","status-publish","has-post-thumbnail","hentry","product_cat-personel-masa-takimlari","product_tag-buro-masa-takimlari"],"_links":{"self":[{"href":"https:\/\/ofissamobilya.com.tr\/en\/wp-json\/wp\/v2\/product\/7059","targetHints":{"allow":["GET"]}}],"collection":[{"href":"https:\/\/ofissamobilya.com.tr\/en\/wp-json\/wp\/v2\/product"}],"about":[{"href":"https:\/\/ofissamobilya.com.tr\/en\/wp-json\/wp\/v2\/types\/product"}],"wp:featuredmedia":[{"embeddable":true,"href":"https:\/\/ofissamobilya.com.tr\/en\/wp-json\/wp\/v2\/media\/7064"}],"wp:attachment":[{"href":"https:\/\/ofissamobilya.com.tr\/en\/wp-json\/wp\/v2\/media?parent=7059"}],"wp:term":[{"taxonomy":"product_cat","embeddable":true,"href":"https:\/\/ofissamobilya.com.tr\/en\/wp-json\/wp\/v2\/product_cat?post=7059"},{"taxonomy":"product_tag","embeddable":true,"href":"https:\/\/ofissamobilya.com.tr\/en\/wp-json\/wp\/v2\/product_tag?post=7059"}],"curies":[{"name":"wp","href":"https:\/\/api.w.org\/{rel}","templated":true}]}}

<blockquote><p><strong>Geleneksel çizgilerle modernize edilen Vix ofisinize sınıf atlatacak.<br />
</strong></p></blockquote>
<p>Kaliteli malzemeden üretilmiş olan Vix küçük ofislerin vazgeçilmezi olacak. Çoklu renk seçenekleriyle ofisinize en uygun rengi seçebilir çeşitli konfigürasyonlarla çalışma alanınızı zenginleştirebilirsiniz.</p>
