{"id":7631,"date":"2023-05-21T22:41:52","date_gmt":"2023-05-21T19:41:52","guid":{"rendered":"https:\/\/ofissamobilya.com.tr\/?post_type=product&#038;p=7631"},"modified":"2023-07-21T00:47:45","modified_gmt":"2023-07-20T21:47:45","slug":"marka","status":"publish","type":"product","link":"https:\/\/ofissamobilya.com.tr\/en\/urun\/marka\/","title":{"rendered":"Marka"},"content":{"rendered":"","protected":false},"excerpt":{"rendered":"<blockquote><p>Rahatl\u0131\u011f\u0131 ofisinize getiren tasar\u0131m.<\/p><\/blockquote>\n","protected":false},"featured_media":7632,"template":"","meta":[],"product_cat":[45],"product_tag":[75,76],"class_list":["post-7631","product","type-product","status-publish","has-post-thumbnail","hentry","product_cat-oturma-gruplari","product_tag-kanepeler","product_tag-oturma-gruplari"],"_links":{"self":[{"href":"https:\/\/ofissamobilya.com.tr\/en\/wp-json\/wp\/v2\/product\/7631","targetHints":{"allow":["GET"]}}],"collection":[{"href":"https:\/\/ofissamobilya.com.tr\/en\/wp-json\/wp\/v2\/product"}],"about":[{"href":"https:\/\/ofissamobilya.com.tr\/en\/wp-json\/wp\/v2\/types\/product"}],"wp:featuredmedia":[{"embeddable":true,"href":"https:\/\/ofissamobilya.com.tr\/en\/wp-json\/wp\/v2\/media\/7632"}],"wp:attachment":[{"href":"https:\/\/ofissamobilya.com.tr\/en\/wp-json\/wp\/v2\/media?parent=7631"}],"wp:term":[{"taxonomy":"product_cat","embeddable":true,"href":"https:\/\/ofissamobilya.com.tr\/en\/wp-json\/wp\/v2\/product_cat?post=7631"},{"taxonomy":"product_tag","embeddable":true,"href":"https:\/\/ofissamobilya.com.tr\/en\/wp-json\/wp\/v2\/product_tag?post=7631"}],"curies":[{"name":"wp","href":"https:\/\/api.w.org\/{rel}","templated":true}]}}

<blockquote><p>Rahatlığı ofisinize getiren tasarım.</p></blockquote>
