{"id":7851,"date":"2023-05-24T21:34:15","date_gmt":"2023-05-24T18:34:15","guid":{"rendered":"https:\/\/ofissamobilya.com.tr\/?post_type=product&#038;p=7851"},"modified":"2023-07-20T23:31:03","modified_gmt":"2023-07-20T20:31:03","slug":"kula","status":"publish","type":"product","link":"https:\/\/ofissamobilya.com.tr\/en\/urun\/kula\/","title":{"rendered":"Kula"},"content":{"rendered":"","protected":false},"excerpt":{"rendered":"<p>Minimalist izlerin ve etkilerin a\u011f\u0131rl\u0131kta oldu\u011fu ofis mobilyalar\u0131n\u0131 tercih edenler i\u00e7in tasarlanan KULA, ofisinize uyumu ve dinginli\u011fi ta\u015f\u0131yor.<\/p>\n","protected":false},"featured_media":7856,"template":"","meta":[],"product_cat":[35],"product_tag":[63],"class_list":["post-7851","product","type-product","status-publish","has-post-thumbnail","hentry","product_cat-personel-masa-takimlari","product_tag-buro-masa-takimlari"],"_links":{"self":[{"href":"https:\/\/ofissamobilya.com.tr\/en\/wp-json\/wp\/v2\/product\/7851","targetHints":{"allow":["GET"]}}],"collection":[{"href":"https:\/\/ofissamobilya.com.tr\/en\/wp-json\/wp\/v2\/product"}],"about":[{"href":"https:\/\/ofissamobilya.com.tr\/en\/wp-json\/wp\/v2\/types\/product"}],"wp:featuredmedia":[{"embeddable":true,"href":"https:\/\/ofissamobilya.com.tr\/en\/wp-json\/wp\/v2\/media\/7856"}],"wp:attachment":[{"href":"https:\/\/ofissamobilya.com.tr\/en\/wp-json\/wp\/v2\/media?parent=7851"}],"wp:term":[{"taxonomy":"product_cat","embeddable":true,"href":"https:\/\/ofissamobilya.com.tr\/en\/wp-json\/wp\/v2\/product_cat?post=7851"},{"taxonomy":"product_tag","embeddable":true,"href":"https:\/\/ofissamobilya.com.tr\/en\/wp-json\/wp\/v2\/product_tag?post=7851"}],"curies":[{"name":"wp","href":"https:\/\/api.w.org\/{rel}","templated":true}]}}

<p>Minimalist izlerin ve etkilerin ağırlıkta olduğu ofis mobilyalarını tercih edenler için tasarlanan KULA, ofisinize uyumu ve dinginliği taşıyor.</p>
